p**2 + 3*p - 2. Suppose 5*r + 3 = 4*w + 5, 2*w + 6 = 5*r. What is the units digit of v(w)?
2
Suppose 0 = 6*a - 307 + 31. What is the units digit of a?
6
Let c = -15 + 29. Suppose c = -3*r + 89. What is the tens digit of r?
2
Let h be 6*1 + (2 - -1). Let c = 14 - h. What is the units digit of c?
5
What is the tens digit of 2*(2/8)/(2/328)?
8
Suppose -9 = -3*s + 15. Let j = s + -6. Let z = j - 1. What is the units digit of z?
1
Let d = 681 + -427. What is the tens digit of d?
5
Suppose -3*y + 130 = 2*p, -188 = -3*p - 3*y + 2*y. Suppose -4*d = -2*d - p. What is the tens digit of d?
3
Let j(t) be the first derivative of 1/2*t**2 + t + 1. What is the units digit of j(9)?
0
Let p(u) be the third derivative of u**4/24 - u**3/6 - u**2. Let t be p(4). Let y = 5 - t. What is the units digit of y?
2
Let c be (2 - -32) + 6/3. Let f be (2/(-6))/((-6)/c). Suppose -33 + 3 = -f*k. What is the tens digit of k?
1
Suppose h - 4*h = -3*p + 258, 5*h - 151 = -2*p. What is the tens digit of p?
8
What is the units digit of 4 + (-1 - 0/(-3))?
3
Suppose 3*u + 45 = 8*u. What is the units digit of u?
9
Suppose -a = -5*a + 24. Suppose -3*r = -a, 0 = 4*g - 2*r + 46 - 10. What is the units digit of (-2)/g + (-30)/(-8)?
4
Let i(x) = x**3 + 2*x**2 - 4*x - 3. Let l be i(-3). Suppose l = -3*j + 9 + 69. What is the tens digit of j?
2
What is the units digit of 2563/77 - (-2)/(-7)?
3
Let p(r) be the second derivative of -r**5/20 - 5*r**4/12 + r**3/2 - 4*r**2 - 6*r. Suppose -1 = 4*b + 23. What is the units digit of p(b)?
0
Let h = 36 + 6. What is the tens digit of h?
4
Let d = -4 - -7. Suppose -22 = -5*b - d*x, -4*x + 2 = -14. Suppose -b*z = -4*m - 0*z + 28, 3*m - z - 20 = 0. What is the units digit of m?
6
Let m(l) = -l + 4. Let a be m(0). What is the tens digit of a/(-12) - (-98)/6?
1
What is the units digit of 4 + 10/15*222?
2
Let x(a) be the first derivative of 11*a**3/3 + a**2/2 + 2*a + 1. Let h be x(2). What is the tens digit of h/3 - (-1 - 0)?
1
Let a(k) = k**3 + 18*k**2 + 36*k - 20. What is the hundreds digit of a(-15)?
1
Suppose 3*u + 154 + 89 = 3*d, u - 349 = -4*d. What is the units digit of d?
6
Let s = 163 - 54. What is the tens digit of s?
0
Suppose -16 + 41 = -5*l. Let a(s) = -2*s + 6. Let f(d) = 5*d - 17. Let z(g) = 11*a(g) + 4*f(g). What is the units digit of z(l)?
8
Suppose 5*o + 5 + 3 = q, 3*q = 3*o. Let p(x) = 1 + 5*x**2 + 2*x + 0 + x**3 - 2. What is the units digit of p(o)?
7
What is the units digit of (-10950)/(-40) + (-2 - (-27)/12)?
4
Let p be (2 - 1)*(-10 - -1). What is the tens digit of p/(-27) + (-64)/(-6)?
1
Let y = 170 + -167. What is the units digit of y?
3
Suppose -2*h + 2*j - 331 = -7*h, -3*h + 209 = -4*j. What is the tens digit of h?
6
Let a = -9 - -2. Let f = 1 - a. Suppose k - f = -k. What is the units digit of k?
4
Let m(u) = -16*u**3 - 2*u - 1. What is the units digit of m(-1)?
7
Suppose 2*g = 3*p + 2*p + 10, 3*p = -4*g - 6. Let j = -3 - -5. Suppose 4*h + g*h - 92 = -4*r, -j*h - 5*r = -58. What is the units digit of h?
9
Let v be 2/2 - (-6)/3. Suppose -16 = -v*h - 3*z - 1, 17 = h + 5*z. What is the units digit of h?
2
Suppose -170 = -4*k - 30. What is the units digit of k?
5
Suppose -v = 2*p - 4*v - 315, 3*v - 495 = -3*p. What is the units digit of p?
2
Let n be ((-5)/(-2))/5*-6. Let x be -3*n/9 - -4. Let v = -3 + x. What is the units digit of v?
2
Let r(p) be the first derivative of -7*p**4/4 - p**3 - 3*p**2 - 7*p + 2. Let y(d) = -d**3 - d - 1. Let a(c) = -r(c) + 6*y(c). What is the units digit of a(-3)?
1
Suppose u - 261 = -2*u + 2*z, -4*z - 261 = -3*u. Suppose w - u = -2*w. Let p = -20 + w. What is the units digit of p?
9
Suppose 0 = -5*m - 2*p + 188 - 45, 8 = 2*p. What is the units digit of m?
7
What is the tens digit of 15/(-60) - (-2418)/8?
0
Suppose -a - 5 = 4*a. Let p(k) = 8*k**2 + 1. Let m be p(a). Let s = m - 1. What is the units digit of s?
8
Suppose 0 = 2*d - 51 - 35. Suppose 0 = 5*t + 8 - d. What is the units digit of t?
7
Let u = -3 - -10. What is the units digit of (u/7)/((-1)/(-18))?
8
Let m = 64 - 41. Let o = m - -18. What is the units digit of o?
1
Suppose -3*x - b + 155 = 0, 0*x - 4*b - 122 = -2*x. What is the tens digit of x?
5
Let c(d) = d**3 - 7*d**2 - 5*d - 5. What is the tens digit of c(8)?
1
Let o = 164 + -110. What is the units digit of o?
4
Let x(p) = p**3 + 3*p**2 - 5*p - 1. Let d be x(-4). Let m be (d - 2)*-2 - -4. Suppose -g + 0 = -m. What is the units digit of g?
2
Suppose 39 + 281 = j. What is the tens digit of j?
2
Let f(g) be the first derivative of -g**2/2 + 10*g + 1. What is the units digit of f(0)?
0
Let k(f) = f**3 + 10*f**2 + 7*f. What is the tens digit of k(-7)?
9
Let a = -28 + 13. What is the units digit of (-6)/a + (-18)/(-5)?
4
Let s(g) = 2*g**3 + 21*g**2 - 19*g - 22. What is the tens digit of s(-10)?
6
Suppose -5*s + 234 + 371 = 0. What is the units digit of s?
1
What is the tens digit of (2/(-3))/(8/(-1092))?
9
Suppose 0 = -a - 5*l - 0*l + 347, 5*l + 337 = a. What is the hundreds digit of a?
3
Let v(u) = -u + 7. Let q be v(5). Suppose 2*k - 2*y = 22, -q*k = -7*k - y + 55. What is the tens digit of k?
1
Suppose -350 = -4*i + a - 0*a, -3*a - 180 = -2*i. What is the tens digit of i?
8
Let x = 5 - 4. Suppose 4*d - x = 39. Suppose u = -u + d. What is the units digit of u?
5
Suppose -2*f = 4*a - 22, 3*a + 6*f - 34 = f. Let s be 19 - (-1 - (1 - a)). What is the tens digit of ((-228)/s)/((-4)/6)?
1
Let u = -1 - -5. Suppose -u*k + 141 = 33. What is the units digit of k?
7
Suppose 24 = r - 4*r. Let x = r + 12. What is the units digit of x?
4
Let j = 32 - 23. What is the units digit of j?
9
What is the tens digit of 236/7 - 18/(-63)?
3
Let s be ((-8)/(-3))/((-4)/(-6)). Suppose -2*j = s*d - 44, 3*d + 2*j = -0*j + 33. Let r = -5 + d. What is the units digit of r?
6
Let y(d) = -d + 4. Let c be y(3). What is the units digit of (24 - 2/2)*c?
3
Let l be (-9)/6*30/(-9). Let u = -4 + l. What is the units digit of u?
1
Suppose 0 = 2*l + 2*l + 12. Let i(f) be the first derivative of -3*f**2/2 - 4*f - 2. What is the units digit of i(l)?
5
Let o(s) = s**3 + 2*s**2 - 1. Suppose -25 = -5*p, 0 = 2*i - i - 2*p + 12. Let w be o(i). What is the units digit of w/((-3)/6) + 8?
0
Suppose 2*l = 42 + 36. Suppose 4*w - w = 3*t + l, 23 = 3*w + t. What is the units digit of w?
9
Suppose 3*w = w - 6. Let n = w + 8. Suppose 2*b - n = 1. What is the units digit of b?
3
Let s = 1 + -2. Let t = 34 + s. What is the tens digit of t?
3
Let w(s) = -7*s - 1. Suppose 0 = 2*x + 8 + 8. Let k be (-1)/4 - (-14)/x. What is the units digit of w(k)?
3
Let q = -2 + 5. What is the units digit of (1/q)/(1/33)?
1
Let x(v) = v**3 - 2*v**2 - 2*v + 1. Let b be x(2). Let s be -10*b/(-6)*1. Let q(y) = -3*y - 7. What is the units digit of q(s)?
8
Let f(y) be the third derivative of y**5/60 - 5*y**4/24 + y**3/6 + 3*y**2. What is the units digit of f(7)?
5
Suppose -26 = -5*i + 14. Suppose -i*k - 88 = -12*k. What is the units digit of k?
2
Let b(v) = -v**3 - v**2 + 2*v. Let z be b(-2). What is the units digit of (z - (3 + -1)) + 9?
7
Let m be (6/(-3))/(3/54). Let z = -25 - m. What is the units digit of z?
1
Let o(z) = z**2 + 18*z - 13. Let d(t) = t**2 + 17*t - 12. Let g(u) = -6*d(u) + 5*o(u). What is the tens digit of g(-11)?
1
Suppose -2*o + 19 = -23. What is the tens digit of o?
2
Let s = 21 - 28. Let d(b) be the second derivative of b**4/12 + 5*b**3/6 - 5*b**2/2 - b. What is the units digit of d(s)?
9
Let o be (-10)/(-3)*(-6)/(-5). Let r be ((-84)/7)/((-6)/o). Suppose 3*w = r*w - 40. What is the units digit of w?
8
Let q = -76 + 126. What is the units digit of q?
0
Suppose 2*m + 0*m - 188 = 4*v, m = -v + 106. What is the units digit of m?
2
Let p(x) = -46*x + 5. Let b be p(-4). What is the tens digit of ((-2)/6)/((-3)/b)?
2
Let y(v) = -v**3 + 9*v**2 + 10*v + 4. Let w be (-4)/(0 - (-6)/(-15)). What is the units digit of y(w)?
4
Suppose 5*l - 8 = 2. Let n(c) = 3*c**2 - l + 2*c + 0*c**2 + 2*c - 3*c. What is the units digit of n(2)?
2
Let q be 4/6 - (-58)/(-6). Let u = q - -13. Suppose 2 = -t + u. What is the units digit of t?
2
Suppose -4*c + 17 = 5. Let t be (2/4)/(c/(-30)). Let h = t + 16. What is the tens digit of h?
1
Let m = -23 - -26. Suppose c + 11 = -3*z + 78, m*c = -5*z + 105. What is the tens digit of z?
2
Let a be -4*((-3)/(-6) + -2). Let s = 11 - a. W